{"id":179,"date":"2022-08-29T16:29:42","date_gmt":"2022-08-29T16:29:42","guid":{"rendered":"https:\/\/zulassung-giesing.de\/?page_id=179"},"modified":"2022-08-29T16:31:48","modified_gmt":"2022-08-29T16:31:48","slug":"datenschutzerklaerung","status":"publish","type":"page","link":"https:\/\/zulassung-giesing.de\/?page_id=179","title":{"rendered":"Datenschutzerkl\u00e4rung"},"content":{"rendered":"\n<p>Datenschutzerkl\u00e4rung<\/p>\n\n\n\n<p>Der Schutz Ihrer pers\u00f6nlichen Daten und Ihrer Privatsph\u00e4re ist uns sehr wichtig. Daher verarbeitet die Plakatschaltung.de Ihre personenbezogenen Daten ausschlie\u00dflich in \u00dcbereinstimmung mit den einschl\u00e4gigen gesetzlichen Bestimmungen.&nbsp;<\/p>\n\n\n\n<p><strong>Wie k\u00f6nnen Sie Kontakt zu uns aufnehmen?<\/strong>&nbsp;<\/p>\n\n\n\n<p>Verantwortliche f\u00fcr die Erhebung:<\/p>\n\n\n\n<p>Jamshed Heidari<br>Freiberuflicher KFZ-Sachverst\u00e4ndiger<br>Freda-Wuesthoff-Weg 1<br>81929 M\u00fcnchen<\/p>\n\n\n\n<h2>Kontakt<\/h2>\n\n\n\n<p>Telefon: +49 178 51 89 556<br>E-Mail: khaled.heidari@hotmail.de<\/p>\n\n\n\n<p><strong>Welche personenbezogenen Daten werden von Ihnen erhoben, wenn Sie unsere besuchen?<\/strong><\/p>\n\n\n\n<p>Bei jedem Zugriff auf die Internetseite der Heidari Gutachten \u00fcbertr\u00e4gt Ihr Webbrowser Nutzungsdaten, damit Sie die von Ihnen angefragten Webseiteninhalte empfangen k\u00f6nnen. Diese umfassen Ihre IP-Adresse sowie eine Bezeichnung der abgerufenen Inhalte (URL). Diese Daten werden durch die Plakatschaltung.de im Rechenzentrum eines Hosting-Partners zus\u00e4tzlich zum Schutz der Systeme gegen Angriffe und f\u00fcr das Beseitigen von eventuellen Fehlern auf der Webseite in internen Systemlogdateien gespeichert und verarbeitet. Diese internen Systemlogdateien werden ausschlie\u00dflich f\u00fcr die oben genannten Zwecke, und damit nicht f\u00fcr personalisierte Werbung, Tracking oder \u00c4hnliches verarbeitet. Dar\u00fcber hinaus \u00fcbertr\u00e4gt Ihr Browser je nach Ihrer Konfiguration weitere Daten (Browsertyp, Browserversion, verwendetes Betriebssystem, Referrer URL). Wir verwenden diese Daten f\u00fcr eine browserspezifische Darstellung oder eine Endger\u00e4te-optimierte Bereitstellung der Inhalte.&nbsp;<\/p>\n\n\n\n<p><strong>Cookies und Webanalyse<\/strong><br>Um den Besuch unserer Webseite attraktiv zu gestalten und die Nutzung bestimmter Funktionen zu erm\u00f6glichen, um passende Produkte anzuzeigen oder zur Marktforschung verwenden wir auf verschiedenen Seiten sogenannte Cookies, soweit Sie hierzu Ihre Einwilligung nach Art. 6 Abs. 1 S. 1 lit. a DSGVO erteilt haben.<\/p>\n\n\n\n<p>Cookies sind kleine Textdateien, die automatisch auf Ihrem Endger\u00e4t gespeichert werden. Einige der von uns verwendeten Cookies werden nach Ende der Browser-Sitzung, also nach Schlie\u00dfen Ihres Browsers, wieder gel\u00f6scht (sog. Sitzungs-Cookies). Andere Cookies verbleiben auf Ihrem Endger\u00e4t und erm\u00f6glichen uns, Ihren Browser beim n\u00e4chsten Besuch wiederzuerkennen (persistente Cookies). Die Dauer der Speicherung k\u00f6nnen Sie der \u00dcbersicht in den Cookie-Einstellungen Ihres Webbrowsers entnehmen. Sie k\u00f6nnen Ihren Browser so einstellen, dass Sie \u00fcber das Setzen von Cookies informiert werden und einzeln \u00fcber deren Annahme entscheiden oder die Annahme von Cookies f\u00fcr bestimmte F\u00e4lle oder generell ausschlie\u00dfen. Bei der Nichtannahme von Cookies kann die Funktionalit\u00e4t unserer Webseite eingeschr\u00e4nkt sein. Jeder Browser unterscheidet sich in der Art, wie er die Cookie-Einstellungen verwaltet. Diese ist in dem Hilfemen\u00fc jedes Browsers beschrieben, welches Ihnen erl\u00e4utert, wie Sie Ihre Cookie-Einstellungen \u00e4ndern k\u00f6nnen. Diese finden Sie f\u00fcr die jeweiligen Browser unter den folgenden Links:<br><a href=\"https:\/\/support.microsoft.com\/de-de\/help\/4027947\/microsoft-edge-delete-cookies\">Microsoft Edge\u2122<\/a>&nbsp;\/&nbsp;<a href=\"https:\/\/support.apple.com\/de-de\/guide\/safari\/sfri11471\/12.0\/mac\/10.14\">Safari\u2122<\/a>&nbsp;\/&nbsp;<a href=\"https:\/\/support.google.com\/chrome\/answer\/95647?hl=de&amp;hlrm=en\">Chrome\u2122<\/a>&nbsp;\/&nbsp;<a href=\"https:\/\/support.mozilla.org\/de\/products\/firefox\/protect-your-privacy\/cookies\">Firefox\u2122<\/a>&nbsp;\/&nbsp;<a href=\"https:\/\/help.opera.com\/de\/latest\/web-preferences\/#cookies\">Opera\u2122<\/a><br>Dar\u00fcber hinaus k\u00f6nnen Sie Ihre Einwilligung jederzeit durch eine Nachricht an die in der Datenschutzerkl\u00e4rung beschriebene Kontaktm\u00f6glichkeit widerrufen.<\/p>\n\n\n\n<p><strong>Borlabs Cookie und Consent Management Plattform<\/strong><br>Auf unserer Webseite setzen wir Borlabs Cookie ein, um Sie \u00fcber die Technologien zu informieren, die wir auf unserer Webseite verwenden, sowie Ihre Einwilligung in die Verarbeitung Ihrer personenbezogenen Daten durch diese Technologien einzuholen, zu verwalten und zu dokumentieren. Dies ist gem\u00e4\u00df Art. 6 Abs. 1 S. 1 lit. c DSGVO zur Erf\u00fcllung unserer rechtlichen Verpflichtung gem\u00e4\u00df Art. 7 Abs. 1 DSGVO erforderlich, Ihre Einwilligung in die Verarbeitung Ihrer personenbezogenen Daten nachweisen zu k\u00f6nnen, der wir unterliegen. Der Zustimmungsverwaltungsdienst Borlabs Cookie ist ein Angebot der Borlabs \u2013 Benjamin A. Bornschein, Georg-Wilhelm-Str. 17, 21107 Hamburg, die in unserem Auftrag Ihre Daten verarbeitet.<br>Nach Abgabe Ihrer Cookie-Erkl\u00e4rung auf unserer Webseite speichert der Webserver von Borlabs Ihre anonymisierte IP-Adresse, Datum und Uhrzeit Ihrer Erkl\u00e4rung, Browser-Informationen, die URL, von der die Erkl\u00e4rung gesendet wurde, Informationen zu Ihrem Einwilligungsverhalten sowie einen anonymen zuf\u00e4lligen Schl\u00fcssel. Zudem wird ein \u201eCookieConsent\u201c-Cookie eingesetzt, das die Informationen zu Ihrem Einwilligungsverhalten und den Schl\u00fcssel enth\u00e4lt. Ihre Daten werden nach zw\u00f6lf Monaten gel\u00f6scht, sofern Sie nicht ausdr\u00fccklich in eine weitere Nutzung Ihrer Daten gem\u00e4\u00df Art. 6 Abs. 1 S. 1 lit. a DSGVO eingewilligt haben oder wir uns eine dar\u00fcberhinausgehende Datenverwendung vorbehalten, die gesetzlich erlaubt ist und \u00fcber die wir Sie in dieser Erkl\u00e4rung informieren.<\/p>\n\n\n\n<p><strong>Welche personenbezogenen Daten werden im \u00dcbrigen bei uns verarbeitet oder von uns gespeichert?<\/strong>&nbsp;<\/p>\n\n\n\n<p><strong>Kontaktaufnahme per E-Mail&nbsp;<\/strong><\/p>\n\n\n\n<p>Wenn Sie E-Mail-Kontakt mit dem Team der Heidari Gutachten aufnehmen, werden die von Ihnen zur Verf\u00fcgung gestellten Daten (E-Mail-Adresse, Name, Inhalt der E-Mail) gespeichert, zu dem Zweck, die Kontaktanfrage zu bearbeiten. Ohne Ihre Einwilligung werden diese Daten nicht an Dritte weitergegeben.<\/p>\n\n\n\n<p><strong>Rechte des Nutzers<\/strong><\/p>\n\n\n\n<p>Der Gesetzgeber hat Ihnen umfangreiche Rechte zur Sicherstellung einer fairen und transparenten Verarbeitung Ihrer Daten einger\u00e4umt. Selbstverst\u00e4ndlich k\u00f6nnen Sie Ihr Recht auf Auskunft, Berichtigung, L\u00f6schung, Sperrung sowie Ihr Widerspruchsrecht jederzeit geltend machen, zum Beispiel durch eine E-Mail an info@heidari-gutachten.de.&nbsp;Sie k\u00f6nnen sich mit einer Beschwerde auch an die zust\u00e4ndige Datenschutzaufsichtsbeh\u00f6rde wenden.&nbsp;<\/p>\n\n\n\n<p><strong>\u00c4nderung der Datenschutzerkl\u00e4rung<\/strong><\/p>\n\n\n\n<p>Die Heidari Gutachten beh\u00e4lt sich das Recht vor, diese Datenschutzerkl\u00e4rung bei Bedarf zu \u00e4ndern.&nbsp;<\/p>\n\n\n\n<p>Stand: 02.06.2020<\/p>\n","protected":false},"excerpt":{"rendered":"<p>Datenschutzerkl\u00e4rung Der Schutz Ihrer pers\u00f6nlichen Daten und Ihrer Privatsph\u00e4re ist uns sehr wichtig. Daher verarbeitet die Plakatschaltung.de Ihre personenbezogenen Daten ausschlie\u00dflich in \u00dcbereinstimmung mit den einschl\u00e4gigen<span class=\"excerpt-hellip\"> [\u2026]<\/span><\/p>\n","protected":false},"author":1,"featured_media":0,"parent":0,"menu_order":0,"comment_status":"closed","ping_status":"closed","template":"","meta":{"content-type":""},"_links":{"self":[{"href":"https:\/\/zulassung-giesing.de\/index.php?rest_route=\/wp\/v2\/pages\/179"}],"collection":[{"href":"https:\/\/zulassung-giesing.de\/index.php?rest_route=\/wp\/v2\/pages"}],"about":[{"href":"https:\/\/zulassung-giesing.de\/index.php?rest_route=\/wp\/v2\/types\/page"}],"author":[{"embeddable":true,"href":"https:\/\/zulassung-giesing.de\/index.php?rest_route=\/wp\/v2\/users\/1"}],"replies":[{"embeddable":true,"href":"https:\/\/zulassung-giesing.de\/index.php?rest_route=%2Fwp%2Fv2%2Fcomments&post=179"}],"version-history":[{"count":1,"href":"https:\/\/zulassung-giesing.de\/index.php?rest_route=\/wp\/v2\/pages\/179\/revisions"}],"predecessor-version":[{"id":180,"href":"https:\/\/zulassung-giesing.de\/index.php?rest_route=\/wp\/v2\/pages\/179\/revisions\/180"}],"wp:attachment":[{"href":"https:\/\/zulassung-giesing.de\/index.php?rest_route=%2Fwp%2Fv2%2Fmedia&parent=179"}],"curies":[{"name":"wp","href":"https:\/\/api.w.org\/{rel}","templated":true}]}}